 43) + -2 + -2.
-9
Evaluate 13 - -8 - 9 - 21.
-9
Calculate (1 - 0 - -3) + -5 + 1.
0
What is 1 + -1 + 1 - (65 + -69)?
5
4 + 1 - (13 - (-8 - -19))
3
What is the value of (6 - 1) + (-8 - -8 - 0)?
5
What is the value of -2 + (10 - 5) + -2 + 0?
1
Calculate (-10 + 2 - -2) + 0 + 3.
-3
What is the value of 0 + 8 + -7 + -7?
-6
(0 - -2 - -3) + (-32 - -28)
1
0 - -2 - (-7 - -5)
4
What is 4 - 6 - -4 - -3?
5
-2 + 9 + -7 + 4
4
What is -7 + 12 + -7 + 8?
6
6 - (3 + 3 + -6)
6
Evaluate 12 + -12 - (-2 + 0).
2
What is 0 - 5 - (15 - 19)?
-1
Evaluate 2 - (3 + -5 + 2 + -5).
7
What is 1 + -14 + 8 + 3?
-2
Calculate 1 + -5 + 6 + -6.
-4
-11 + 6 + -5 + (-2 - -4)
-8
Calculate 6 - 6 - 4 - -6.
2
Evaluate -2 + (8 - 4) + -6.
-4
Calculate (7 - 11 - -9) + -7 + -1.
-3
Calculate 11 + (-3 - 3) + 0.
5
What is -1 + (1 + 2 + -8 - -8)?
2
Calculate (2 + 2 - 8) + 9.
5
What is -7 + (12 - 5) + 1 + 2?
3
Calculate -4 - (-6 - (-3 - (4 - 4))).
-1
Evaluate (-5 - 1) + (-14 - -20).
0
What is -1 + (-1 - (-3 - -6))?
-5
49 + -32 + (-14 - -2)
5
2 + (2 - (3 + -2)) - 8
-5
Calculate (-2 - ((-4 - 2) + 3)) + -3.
-2
Calculate -6 + -15 + 14 + (1 - -2).
-4
Evaluate -6 - 0 - (-21 + 9 + 15).
-9
What is the value of (0 - 2) + 5 + -3?
0
What is the value of (0 - 2) + (7 - (-9 - -14))?
0
What is the value of (4 - (7 - 0)) + 3?
0
What is -11 - -12 - (0 - -1)?
0
0 - (-1 + 0 + 5)
-4
8 + (-9 - (3 + -6))
2
-3 + -1 - -5 - 3
-2
(28 + -37 - (0 - 3)) + 14
8
Evaluate 3 + -4 + 4 - 0.
3
Calculate -1 + 3 - 6 - -8.
4
What is (-5 - -15) + -7 - (2 - 4)?
5
20 - (-7 - (6 + -23))
10
Calculate -3 + 2 + -7 + 6.
-2
1 + (-1 - 7) + 12
5
What is 1 - 1 - (3 - 2)?
-1
What is 9 - ((-3 - -4) + 7)?
1
-4 + (7 - 7 - (1 + 0))
-5
What is (-2 + 2 - (3 + -2)) + 6?
5
Evaluate (2 - (-2 - -9 - 3)) + 4.
2
What is the value of (1 - -2) + (0 - (-6 + 5))?
4
Evaluate -6 + 11 - (3 - -6).
-4
Evaluate 2 + -1 + (-1 - -3).
3
What is 2 - (2 + -1 + -1)?
2
What is the value of 6 - (13 + (-3 - 5))?
1
What is -16 + 16 + 4 + (0 - -1)?
5
Calculate 10 + 3 + (10 - (9 - -5)).
9
Calculate -2 + (0 + -1 - -5).
2
9 + -3 - (-8 - -10)
4
Calculate -3 + (-1 - 1) + (2 - -6).
3
1 + (-2 - (3 + -3)) - -2
1
Evaluate 0 + 3 + -2 + -11.
-10
What is -1 + (-19 - -9) - (-3 - 1)?
-7
Evaluate -4 - (8 - (11 + -3)).
-4
Evaluate (0 - -11) + -126 + 120.
5
Calculate 1 + (-6 - -3 - -1 - -6).
5
What is -2 - 2 - (21 + -16)?
-9
What is (5 - -3) + -4 - 3?
1
What is the value of -9 + ((5 - 2) + -2 - -4)?
-4
What is -8 - (0 + 0 - (-2 + 9))?
-1
Evaluate -4 + 6 + (13 - (-7 - -15)).
7
3 - (-3 - (-3 + 2 - 4))
1
-2 - (0 + -3 - 2)
3
What is 0 + (-8 - -7) - -1?
0
0 - 4 - (-3 - -2 - -1)
-4
Calculate 16 + 2 + (25 - 33).
10
Evaluate -11 - -6 - (1 + -1).
-5
What is (-39 - -41 - (2 + 1)) + 3?
2
20 + (-17 - (2 + -9))
10
2 - ((9 - 6) + -3)
2
(0 - (0 - (-2 + -1))) + 2
-1
Evaluate 7 + 0 + 8 + -13.
2
Calculate -1 + -5 - (-2 + -3).
-1
Evaluate -5 + -5 + (2 - -2) - -1.
-5
Evaluate -4 - ((-4 - -4) + -5) - 2.
-1
What is the value of 7 - (-1 - -3 - -2)?
3
Calculate (5 - (31 - 9)) + 11 + -3.
-9
76 - 76 - (1 - (6 - -1))
6
What is (-5 - 1) + 5 + 1?
0
16 + -6 + 0 + -14
-4
What is (-4 - -1) + -2 + 1 + 1?
-3
What is the value of -2 - 1 - (11 - 18)?
4
What is -2 - (2 - (6 + -3 - 1))?
-2
What is -3 + (1 - (1 + -3)) - 3?
-3
What is (-2 - 4) + -1 + 16 + -15?
-6
What is 1 + 1 + (4 - (4 - -2))?
0
-12 - -17 - (-1 - -1)
5
What is 6 + (-7 - (-4 - (7 - 5)))?
5
What is the value of 1 - ((0 - (-3 + -4)) + -4)?
-2
Evaluate 2 - 2 - (-7 - -6).
1
Calculate -1 + (-7 + 3 - -3) - -2.
0
Calculate -2 + -2 + -8 + 7.
-5
Calculate 2 - (13 + 1 + -7).
-5
What is (-7 - -2) + 2 + 3?
0
Calculate 7 - 2 - (29 - 18).
-6
Evaluate -3 + 12 + 0 + (20 - 23).
6
Calculate (-3 - 0) + 1 - (7 + -4).
-5
-2 - ((2 - 3) + -5 + -2)
6
What is (9 - 17) + (4 - 2)?
-6
Calculate 3 - 1 - (11 + -6 - 6).
3
Evaluate 3 - (-7 + 3 - -9).
-2
What is the value of 6 + (1 + -8 - (-28 + 22))?
5
What is the value of 1 + -1 + -6 + (-1 - -5)?
-2
Calculate 1 + 2 + -3 - (184 - 186).
2
-4 + 8 - 4 - -4
4
What is the value of (-1 - -1 - (-2 + 4)) + 2?
0
Calculate -2 - ((11 - 7) + 0 + -4).
-2
What is -20 + -12 + 18 + 17?
3
What is -3 - (-5 + (2 - 5))?
5
-4 + (-8 - -2) + 1 - -8
-1
Calculate -4 + 11 + -9 - (2 - -2).
-6
Evaluate (4 - (2 + 6) - -5) + 4.
5
What is 4 - -1 - (24 + -15 - -3)?
-7
Evaluate (-5 - (0 - 4)) + -2 - -1.
-2
What is the value of 0 - (7 + 1 - (25 - 19))?
-2
What is the value of -3 + (-4 - -8) - 1?
0
What is 2 + 2 + (-2 - -5) + -7?
0
What is (5 - -1) + 2 + -5?
3
What is 3 + -8 + 3 - (3 + -1)?
-4
What is the value of -39 + 44 + (1 - 4)?
2
29 - 17 - (3 + (1 - -2))
6
What is the value of -5 + 7 + -5 + 4 + -2?
-1
What is the value of -50 - -48 - (-8 - 2)?
8
Calculate 1 - 1 - (10 + -16 + 9).
-3
What is -6 + (-5 + (2 - -2) - -3)?
-4
What is the value of (7 - -4) + 2 + -18?
-5
What is the value of -4 + -4 + 3 - (-4 + 2)?
-3
Calculate (-3 - 6 - -3 - -16) + -4.
6
15 + -12 - (-1 + 1) - 0
3
-2 + (1 - (0 + (0 - 0)))
-1
(4 - (0 + 3)) + 5 + -7
-1
-1 + 8 - (9 - (6 - -1))
5
Evaluate -3 + -3 - 1 - -9.
2
Evaluate 1 - (-2 - (1 + -3 + 0)).
1
11 + (-13 - 3) + (0 - -9)
4
-1 + (-2 - 3 - -9 - 4)
-1
Calculate 2 + 7 + (3 - 7) + 2.
7
What is the value of -5 + (-3 + -1 - -2 - -13)?
6
Evaluate 2 + -4 + -2 + 7.
3
What is the value of (-20 - -10) + 4 + 1?
-5
Calculate -17 + 12 - (1 - 2) - -13.
9
What is the value of -1 + (11 - 5) + -2?
3
3 + (-9 + 13 - (-1 + 4))
4
(-3 - (-16 - 0)) + -3 + -2
8
What is (0 - -12) + 7 - 9?
10
Evaluate 11 - (14 - (4 + (1 - -1))).
3
What is the value of -9 - (7 + -16) - (-5 + 1)?
4
Evaluate 1 + (-1 - 3) - (-8 - -9).
-4
11 + (4 - 13 - -5)
7
Evaluate -1 + (-7 - -12 - (-4 + 1)).
7
What is 0 + 2 + -4 + (5 - 8)?
-5
Evaluate 0 - (-1 + (-3 - (-1 - 0))).
3
0 + -6 - (49 - 54)
-1
Calculate 0 - ((12 - -1) + -8 + 6).
-11
Calculate 7 - 4 - (7 - 7).
3
What is the value of -2 + 4 + (10 - 10 - 8)?
-6
Calculate (-6 + 14 - 3) + -1.
4
Calculate 2 + 4 + -5 + -4.
-3
0 + -4 - -4 - (8 + -4)
-4
What is the value of 10 + -3 - (4 + 2)?
1
15 + -10 + 14 + -17
2
What is the value of 0 - (8 + -8 + 3)?
-3
Calculate 1 + (4 - (15 + -5)).
-5
Calculate -2 + 5 - (3 - 1) - -4.
5
2 + (-14 - -11) + (0 - -2)
1
132 + -138 + -1 + (1 - 1)
-7
Calculate 2 + 4 - 4 - (-1 + 2).
1
-1 + 7 + (6 - 10) - -4
6
What is the value of 6 + (-13 - 5) - -12?
0
Calculate -2 - (1 - 3 - -2).
-2
What is (-2 + -2 + -2 - -3) + 8?
5
What is the value of 0 + 0 - (-26 - (20 + -41))?
5
What is the value of 13 + -12 - (1 - 3)?
3
-1 + (2 - 3 - -4)
2
What is (-8 + 2 - (1 - 4)) + 1?
-2
0 + 0 + 0 - (-1 + -1)
2
Calculate (-5 + 8 - 6) + 4.
1
Calculate (2 + (4 - 3) - 4) + -1.
-2
What is 2 + 3 - 10 - (-8 - 3)?
6
Calculate (-1 - 0) + 9 - (64 + -59).
3
Calculate 1 + 4 + -8 - -1.
-2
Calculate (-13 - -12) + (2 - 0).
1
What is the value of -4 - (-19 - -8) - 5?
2
What is the value of (4 - (-4 + 0 - -13)) + 3?
-2
What is the value of -3 + 2 + 1 + (4 - 0)?
4
Evaluate 10 - (14 + 3 + 2).
-9
-1 + 2 + 5 - 7 - -8
7
Evaluate -8 + (0 - -4) - 1.
-5
What is the value of (2 - -2 - (6 - -2)) + 9?
5
Evaluate 3 - (20 + -21 + 1 + -5).
8
What is the value of 0 - 12 - (-26 + 17)?
-3
Evaluate -13 - -13 - (2 - (-1 + 2)).
-1
What is the value of 9 - (1 + 4 + -1)?
5
Calculate -2 - (1 - (0 - -2)).
-1
(-4 + 1 - (-7 + -4)) + -17
-9
-8 + 10 + 2 + -1 - 3
0
Calculate -5 - (-2 + 6) - 0.
-9
(1 - 5) + (2 - (4 - 3))
-3
What is -6 - 1 - 8 - -9?
-6
Calculate -1 - (6 + -12 + 2).
3
Evaluate -4 + -4 + 14 - (9 + 1).
-4
Evaluate -3 + 5 - (37 + -39).
4
What is the value of -3 + (-3 - (-1 - 1))?
-4
Evaluate 7 + -21 + (1 - -3) + 2.
-8
Calculate -3 - (1 + (0 - 3)).
-1
Evaluate -2 - -4 - (3 - -6 - -2).
-9
-5 + (-5 - -2) - (-3 - 1)
-4
-2 - 1 - 1 - -2
-2
What is 1 + 2 + -5 + -5 + 6?
-1
What is the value of 11 + (-14 - -7) + -5?
-1
What is 1 + 9 + -159 + 146?
-3
Evaluate (-8 - -2) + 17 + -5.
6
What is the value of (4 + -1 - 3) + 2 + -1?
1
-14 + -1 + -7 + 17
-5
Calculate 20 + -13 + (1 - 1) + -1.
6
Calculate -2 + 1 + 13 + -22 + 8.
-2
What is 1 + -2 + (23 - 25) + 3?
0
Evaluate (-9 + 8 - 5) + 9.
3
(0 - 8) + -21 + 25
-4
What is the value of (-3 - 7) + 7 + 6?
3
What is the value of 4 - (-1 - (-7 + -1))?
-3
38 + -27 + 2 + -8
5
(-2 + -4 - -3) + -2
-5
What is 1 - -7 - (5 - 1)?
4
-11 - (-1 - (7 - -11))
8
What is (4 - 7) + (-2 - 0 - -9)?
4
What is the value of 5 - (-6 + 7 - 0)?
4
What is -5 - (2 + (-8 - 3))?
4
What is -2 - (-1